t is -2042040423 (base 5) in base 12?
-1511005
-1a7a9 (base 11) to base 8
-70365
-12533543 (base 6) to base 15
-837b6
301232020 (base 5) to base 2
100100011111101101101
Convert -1baa91 (base 13) to base 11.
-444956
What is -10111102020012 (base 3) in base 12?
-757558
Convert -b9ba (base 13) to base 12.
-12b55
What is -76691 (base 13) in base 12?
-a3b95
What is 10010110010111110010 (base 2) in base 9?
1137787
11110110111000000110 (base 2) to base 12
409232
-662a9 (base 11) to base 7
-550306
Convert -163633 (base 8) to base 6.
-1134255
What is -1767561 (base 8) in base 14?
-d7745
What is 8a977 (base 12) in base 8?
550353
2560c7 (base 13) to base 2
11011011011010110000
Convert 5c4996 (base 16) to base 5.
3022020100
What is -120021022220 (base 3) in base 4?
-1021120230
5934 (base 14) to base 15
4905
Convert -7033014 (base 8) to base 12.
-751b24
Convert 49e470 (base 15) to base 11.
1aa9767
-4b56a3 (base 13) to base 11
-1027a96
What is -30332303 (base 6) in base 15?
-1220cc
-77b529 (base 14) to base 4
-33200121301
45321134 (base 6) to base 15
1c39cd
What is -9132 (base 16) in base 3?
-1212222200
-3921623 (base 13) to base 16
-110dd3a
Convert -101002122210 (base 3) to base 7.
-1455333
Convert -407535 (base 9) to base 8.
-730110
9bbaa (base 12) to base 6
4235534
What is 10101100000010110101000 (base 2) in base 16?
5605a8
dca0 (base 16) to base 8
156240
What is 10021012 (base 3) in base 10?
2381
a49bc1 (base 13) to base 2
1110101011101100000011
Convert -161933 (base 12) to base 13.
-102390
Convert -10111001100001001 (base 2) to base 13.
-34307
Convert 13496 (base 14) to base 13.
1885a
What is e9aba7 (base 15) in base 13?
23c5c12
-156257 (base 9) to base 13
-34b88
-23241343 (base 5) to base 3
-101202221111
82377 (base 12) to base 14
45c95
Convert 40114003 (base 5) to base 8.
1152521
Convert 2522307 (base 8) to base 5.
134310133
What is 20401433 (base 5) in base 13?
5bbc6
-281559 (base 14) to base 7
-14534042
What is 87382 (base 14) in base 2?
1001111111001000110
What is 3873589 (base 11) in base 8?
31462001
Convert -3790636 (base 10) to base 9.
-7116687
What is -168a434 (base 12) in base 2?
-10001110010010111101000
What is 131111302 (base 4) in base 12?
5966a
100001121 (base 4) to base 13
23b41
-315400221 (base 6) to base 13
-1206400
-27340621 (base 8) to base 13
-1371953
What is -300301023 (base 4) in base 12?
-97723
What is 8a826c (base 13) in base 14?
6131c2
Convert -232604 (base 8) to base 10.
-79236
a0488 (base 12) to base 13
73901
Convert -378346 (base 9) to base 12.
-b0773
What is 211303222 (base 6) in base 16?
389bbe
What is 2a272c (base 13) in base 7?
11534012
33430504 (base 7) to base 4
23003211100
-31596 (base 13) to base 4
-111230100
Convert 493337 (base 11) to base 2.
10111110100001010001
What is 11101100110111100100 (base 2) in base 11?
602a31
What is -110101010000110111111 (base 2) in base 12?
-702053
Convert 10022201110202 (base 3) to base 8.
6571136
Convert 4344013001 (base 5) to base 12.
3174a74
Convert -104046620 (base 8) to base 15.
-18778ed
Convert 130205325 (base 6) to base 9.
4684878
Convert 387625 (base 11) to base 2.
10010101000000101111
552542 (base 7) to base 9
157048
What is -635460 (base 7) in base 13?
-3b0b5
12100010201121 (base 3) to base 14
53bcba
5404041 (base 6) to base 12
109621
Convert -111044 (base 8) to base 3.
-1220022122
2a7aba (base 12) to base 15
e2e37
Convert -697b97 (base 16) to base 13.
-15806b0
721403 (base 8) to base 3
110002221101
What is c6927 (base 15) in base 14?
125748
887179 (base 13) to base 2
1100010000110010010000
81511 (base 16) to base 13
157129
121113330122 (base 4) to base 16
657f1a
What is -625202 (base 10) in base 7?
-5212514
What is 10365323 (base 7) in base 6?
31025305
Convert 2125a7a (base 11) to base 16.
3916df
What is -144104232 (base 5) in base 15?
-102e2c
-49ca5 (base 13) to base 7
-1105012
What is 10000101111100001000 (base 2) in base 3?
1000212120010
25424702 (base 8) to base 9
11555836
Convert -2231020013 (base 4) to base 2.
-10101101001000000111
What is -28620a (base 16) in base 8?
-12061012
Convert -3c82ba (base 13) to base 16.
-168076
What is -73709 (base 13) in base 9?
-345828
Convert b7e1d (base 16) to base 2.
10110111111000011101
-214335322 (base 7) to base 11
-72aa40a
What is 525134042 (base 6) in base 10?
9203786
What is -162320 (base 9) in base 4?
-120130212
50111315 (base 7) to base 9
7705428
Convert -3286451 (base 10) to base 9.
-6158142
Convert -101010111110110 (base 2) to base 6.
-245514
2991044 (base 10) to base 11
1763241
2631413 (base 9) to base 15
1d60b9
-2444325 (base 8) to base 7
-5505013
-311114546 (base 7) to base 14
-25d3326
-3a07b2 (base 12) to base 3
-1210112000022
Convert -198360 (base 15) to base 11.
-779787
What is 15407571 (base 8) in base 10?
3542905
What is 935a2 (base 15) in base 4?
1302001103
What is 4827a40 (base 11) in base 5?
4123231010
Convert -1424287 (base 9) to base 12.
-3197a4
-11010111001101010101 (base 2) to base 13
-24b2c2
1021303233 (base 4) to base 12
126b53
What is 34345521 (base 6) in base 13?
2ac9a6
Convert 1413424120 (base 5) to base 16.
37c4fe
786c6 (base 13) to base 9
362866
What is -334203 (base 9) in base 15?
-3e376
What is 202b708 (base 12) in base 13?
13332c8
1170747 (base 11) to base 8
7610435
Convert -3aa379a (base 11) to base 16.
-6bfac8
-2101211202 (base 3) to base 9
-71752
What is 3111a (base 12) in base 6?
1212434
What is 43244354 (base 6) in base 12?
5196ba
Convert 11110001011000111 (base 2) to base 7.
1023216
Convert 3461001 (base 7) to base 15.
88d00
-3546 (base 15) to base 2
-10110000110100
Convert -12242212 (base 5) to base 11.
-80a86
What is 4468217 (base 9) in base 3?
11112022020121
-23580 (base 10) to base 8
-56034
2210201202222 (base 3) to base 16
16bed2
What is -545263 (base 10) in base 2?
-10000101000111101111
Convert 11334322 (base 8) to base 11.
14393a6
What is -1063158 (base 9) in base 7?
-4604633
-61141067 (base 8) to base 10
-12894775
Convert 143001443 (base 5) to base 6.
24025212
-20301311320 (base 4) to base 14
-43c94c
What is 26813b (base 12) in base 15?
c8715
What is 213221030211 (base 4) in base 13?
21cb331
What is -120b5 (base 12) in base 9?
-36332
Convert 1347b (base 14) to base 16.
b9b5
What is -586a (base 16) in base 8?
-54152
What is -280066 (base 9) in base 12?
-82906
What is 257522 (base 8) in base 5?
10334223
-13254350 (base 6) to base 16
-6c23a
What is d2e0b (base 15) in base 14?
13564c
Convert -22120021 (base 5) to base 16.
-2ed8e
What is 1522045 (base 8) in base 13?
12314a
What is 110011100010010001011101 (base 2) in base 11?
7698069
What is 3550334 (base 8) in base 4?
3231003130
Convert 1210021201 (base 3) to base 12.
18454
-10542015 (base 6) to base 3
-121111001102
-115355303 (base 6) to base 11
-1289885
Convert -256fb (base 16) to base 12.
-748a3
Convert 5097259 (base 10) to base 6.
301130231
Convert -2328b1 (base 12) to base 14.
-109a97
What is -1101602 (base 7) in base 5?
-13310340
218c92 (base 13) to base 3
1111011212111
201266 (base 7) to base 8
102467
4345 (base 9) to base 4
302000
Convert 3b7631 (base 12) to base 14.
1b9ca1
Convert 5f19c4 (base 16) to base 4.
113301213010
-3201202123 (base 4) to base 10
-923803
49849 (base 13) to base 6
2522554
What is -79180 (base 10) in base 14?
-20bda
What is 134001441 (base 5) in base 16?
a7e82
96614 (base 14) to base 4
1120232022
Convert -111111101101 (base 2) to base 4.
-333231
f8529 (base 16) to base 12
410749
332620 (base 11) to base 9
887618
What is -23d2 (base 16) in base 13?
-4235
Convert 101010100101001111 (base 2) to base 10.
174415
-12a3e1 (base 15) to base 6
-31104421
-323110130 (base 5) to base 2
-101010000100111100110
-47173 (base 9) to base 11
-21731
What is -1102432120 (base 5) in base 9?
-4441887
What is 50a (base 12) in base 4?
23122
What is 21220222102 (base 3) in base 4?
212011112
Convert -1001100112102022 (base 3) to base 10.
-15068006
What is -128d09 (base 14) in base 10?
-639165
Convert -11111111110001111110110 (base 2) to base 12.
-2982446
Convert -4403884 (base 10) to base 11.
-2538781
What is 255762 (base 12) in base 15?
c10cb
What is 8b3ce (base 15) in base 2?
1101100001001110010
Convert 11240135 (base 6) to base 3.
122122112012
Convert 525554 (base 12) to base 8.
4741320
Convert 9de493 (base 15) to base 6.
4253430